 of v?
2
Let v(g) = -g**2 + 29*g - 116. Let n be v(5). What is the units digit of n - (-10 - -11)*-7*23?
5
Suppose -3*b - 2*c = -c - 28061, -4*c = 5*b - 46759. What is the tens digit of b?
5
Suppose 2*b = 4, -5*l - 41*b + 40*b = -113127. What is the units digit of l?
5
Suppose 5*f + 24*n - 31*n - 218673 = 0, 2*n = -f + 43704. What is the ten thousands digit of f?
4
Let j = 9 - 4. Suppose 5*l + j*z = 30, 31 = 3*l + l - 3*z. Let t(c) = c + 15. What is the tens digit of t(l)?
2
Let v(y) = 3*y**2 + 4*y + 4. Let t be v(-4). Let z = t - -8. Suppose -4*i = -c - 428, 3*c + 160 + z = 2*i. What is the units digit of i?
8
Suppose -18*b = 25472 - 96068. Suppose 0 = 12*c - 12790 + b. What is the tens digit of c?
3
Let n(v) = 171*v - 25. What is the units digit of n(2)?
7
Let h be 1 + (-18)/12 + 1026/(-4). Let r = h - 18. Let z = -163 - r. What is the units digit of z?
2
What is the thousands digit of 6/(-45) + -2 + 5252324/105?
0
Let v(j) = j + 14. Let o be v(-14). Suppose o = 4*g + 2*c + 6, g + 2*c = -0*g. What is the units digit of (5 - 1) + g - -34?
6
Suppose 17*x - 16*x + 1 = 0, 4*l = 2*x - 2. What is the units digit of (4 - 8) + (l - 2 - -585)?
8
Let x(q) = 1335*q**2 - q + 2. What is the thousands digit of x(-5)?
3
Let r be -11 - ((-7)/1 - -2). Let u be ((-60)/8 + 3)*172/r. Suppose u*f - 125*f - 1140 = 0. What is the hundreds digit of f?
2
What is the thousands digit of 7 + (2 + 6 - 8 - (-19720)/2)?
9
Let h(i) = i**3 - 5*i**2 + 5*i - 1. Let g be h(4). Suppose -g*m - 264 = -6*m. What is the units digit of m - (3 + -5 + 2 + -1)?
9
Let a be (-12)/8*776/(-12). Suppose 0 = -4*l + g + 289, -4*g + 96 + a = 3*l. What is the tens digit of l?
7
Let k be (2/(-7))/(7*12/(-588)). What is the hundreds digit of k/((-4)/(-14)) - -494?
5
Suppose -3*t + c = -t - 8, -8 = -2*t + 2*c. Let a be (-69)/(-6)*3*t. What is the tens digit of (a/(-15) + 0)/(3/(-15))?
4
Suppose -541*t + 545*t - 21464 = 0. Suppose 1047 - t = -7*w. What is the units digit of w?
7
Let b be ((-16644 - -4)/2)/(2/(-3)). Suppose -118*q + b = -103*q. What is the hundreds digit of q?
8
Let j(i) = -i**3 - 13*i**2 - i + 139. Let x be j(-12). Suppose 5403 = x*k + 1847. What is the units digit of k?
8
Suppose 3*d + 8*d - 33440 = 0. What is the tens digit of d?
4
Let t(o) = -2289*o + 3080. What is the ten thousands digit of t(-6)?
1
Suppose 15*u - 80134 = 17906. What is the units digit of u?
6
Let z(a) = -2415*a + 495. What is the units digit of z(-23)?
0
Suppose -4*a + 6 = -10. Suppose 2*d - 812 = -a*z, -d = -0*z - 2*z - 410. Suppose 41*u - 37*u - d = 0. What is the hundreds digit of u?
1
Let o(y) = 1341*y - 1. Let f be o(1). Suppose -5*k + f = 4*r, 3*r = -5*k + 480 + 865. What is the hundreds digit of k?
2
What is the units digit of 44/(-66)*(-2)/(-4) + (-207744)/(-18)?
1
Let y(v) = v**3 + 5*v**2 + 5*v + 4. Let w be y(-3). Let m be (w - 6/18) + 1/3. Suppose -m*i + 2*i - 371 = -2*n, -4*n + 707 = -3*i. What is the tens digit of n?
7
Let y = 253 - 32. Suppose q + 10*j - 7*j = y, 5*j - 5 = 0. What is the units digit of q?
8
Suppose -3*d + 619 = 175. Suppose d = 24*w - 23*w - f, f - 5 = 0. What is the units digit of w?
3
Let x = 244 - 242. What is the hundreds digit of (x - 11374/(-7)) + 44/308?
6
Suppose 12*g = 16*g - 8*g + 72576. What is the tens digit of g?
4
Let n = -236 - -145. Let x = n - -93. Suppose -x*k = -295 - 75. What is the tens digit of k?
8
Let f be -6 - ((-3930)/2 - -6). Suppose 3*m - 1941 = 5*k, -2*m - k = -5*m + f. What is the hundreds digit of m?
6
Let v be 9 + -3 + -3 + -1. Let u be v/(3 - (-28)/(-12)). Suppose 2*n = -3*s + 241, -4*n + s + 462 = u*s. What is the units digit of n?
3
Suppose -3*o - 4*h - 2224 = 0, o - 3*h = -2*o - 2238. What is the tens digit of 3/3 - -4 - (o - 1)?
5
Let t(d) = 13*d**2 - 141*d + 18. What is the tens digit of t(49)?
2
Suppose 5*c = -4*g + 749, -g = 5*c + 67 - 258. Let x = g - -75. What is the tens digit of x?
6
Let q(x) = 5*x + 12. Let l be 36/20*(-9 - -4). Let y = -3 - l. What is the tens digit of q(y)?
4
Let u(m) = -12*m + 31. Let g be u(-2). Suppose 2*r - g = 73. What is the tens digit of r?
6
Suppose 318 = t + 5*f, 0 = -3*t + 6*t - 5*f - 1054. Let a = 583 - t. What is the tens digit of a?
4
Suppose -6 - 35 = 2*z + 3*r, 3*z - r + 78 = 0. Let i = z - -27. Suppose -266 = -4*q - i*w - 0*w, 56 = q + 4*w. What is the tens digit of q?
6
Let u = 15 + -15. Suppose -4*w + 2*t + 6 = 0, 3*t + 0*t = -2*w - 9. Suppose w = m + 4*m - j - 1120, j = u. What is the hundreds digit of m?
2
Let k = 2636 + -1511. Suppose -k - 1110 = -3*y. What is the tens digit of y?
4
Suppose -3*i - 102 = -54*b + 57*b, 54 = -2*b + 5*i. Let n = 24 - b. What is the tens digit of n?
5
Suppose -3*j + 4*x = -1, 4*j + 5*x - x = -8. Let q = j + 1. Let k = 11 - q. What is the tens digit of k?
1
Suppose -357*u - 144354 = -406*u. What is the hundreds digit of u?
9
Let k be (1/3)/(4/(-996)). Suppose -2*j - 204 = g - 0, -g - 198 = -j. Let l = k - g. What is the hundreds digit of l?
1
Suppose 0 = 150*w - 300805 - 215495. What is the tens digit of w?
4
Suppose 9551 = 19*u + 2255. Let m = u - 102. What is the tens digit of m?
8
Let a(q) = -13*q**3 - 16*q**2 + 12*q + 172. What is the hundreds digit of a(-12)?
1
Let m be ((-24)/(-18))/((-4)/(-9)). Suppose -m*j = -3, 2*v - 4*j = -v + 473. What is the units digit of v?
9
Suppose 0 = -83*d + 80*d + 16854. What is the thousands digit of d?
5
Let z be (-16 - 0)*3/(-3). Suppose -z = -h - 2*j, -4*j + 0*j = -16. Suppose -2*k - h*k = -30. What is the units digit of k?
3
Suppose -228*m + 4*g = -231*m + 26856, 44789 = 5*m - 3*g. What is the thousands digit of m?
8
What is the thousands digit of 1/(-11) - 478321416/(-8118)?
8
Suppose 3*v - 8 = 1. Suppose 41 = 5*i - 3*x, v*x - 2*x = i - 9. Let h(m) = -m**3 + 9*m**2 + 8*m + 15. What is the units digit of h(i)?
9
Let t(o) = -93*o**3 + 4*o**2 + 15*o + 206. What is the hundreds digit of t(-7)?
1
Let j(q) be the first derivative of 40*q**3/3 + 2*q**2 - 3*q - 48. What is the units digit of j(3)?
9
Suppose -69 = -0*g - 4*g - i, -84 = -4*g - 4*i. Let s(u) = 64*u + 338. What is the hundreds digit of s(g)?
3
What is the hundreds digit of (5675 - (7 - -6)) + (-2 - 2/1)?
6
Let g be -17*(-3 - -4)*-1. Let w = 20 - g. Suppose 5*p = w*n - 137, 0*n - 5*n + 235 = -5*p. What is the units digit of n?
9
Let v(m) = 232*m - 1051. What is the thousands digit of v(30)?
5
Let r be ((-2)/6)/((-6)/(-864)*-4). Suppose -2592 = 21*v - r*v. Let w = v + 556. What is the hundreds digit of w?
2
Let j = -152604 - -214338. What is the hundreds digit of j?
7
Let k = 72 + -29. Let z = 46 - k. What is the tens digit of (-1)/z - 1101/(-9)?
2
Let c be (5 - 2)/(-3) + (-1 - -1). Let y be (-24)/(-3) - (c + 3). Suppose -4*f + f + y = 0, w = f + 19. What is the units digit of w?
1
Suppose -k - 2 = 24*f - 22*f, -3*f = -k + 18. Suppose 3*c - 6 + 0 = 0. Suppose k*y - c*h = 7*y - 253, -5*h = -5*y + 1190. What is the hundreds digit of y?
2
What is the hundreds digit of ((-14)/(-77) + (-35)/11)*(-102507)/9?
1
Let m be (-34)/4*-838 - 3. Suppose 20*i - 10*i = m. What is the hundreds digit of i?
7
Let a(j) be the first derivative of j**4/4 - j**3 - 31*j**2/2 + 5*j - 134. What is the units digit of a(10)?
5
Let z(p) = 43*p**2 + 4*p - 2. Suppose 7*q = 11*q - 8. Suppose -3*k + k - 8 = -2*n, k = -n - q. What is the tens digit of z(n)?
4
Let c(n) = 6*n**2 + 69*n - 652. What is the tens digit of c(-44)?
2
Let z(q) = -7*q**2 + 5*q - 41. Let f(u) = 19*u**2 - 15*u + 123. Let x(k) = -4*f(k) - 11*z(k). What is the hundreds digit of x(-25)?
4
Let a(l) = 38*l**2 - 43*l - 343. What is the hundreds digit of a(-19)?
1
What is the hundreds digit of 1545 + 13 + (-46 - -13)?
5
Let z(u) = -238*u + 460. What is the thousands digit of z(-14)?
3
Suppose 0 = -14*v + 5*v + 7*v + 8852. What is the units digit of v?
6
Suppose -36*t = -42*t + c + 292150, 4*c = -16. What is the hundreds digit of t?
6
Let p = -44 - -57. Let y(l) = 5*l**2 - 9*l + 90. What is the hundreds digit of y(p)?
8
Let j = 1028 - 526. Let i = j + 41. What is the hundreds digit of i?
5
Suppose -4*m = 0, 4*v - 4*m - 16 = -7*m. Suppose -4*g + v*h + 1404 = 0, -g + 1795 = 4*g + 3*h. What is the tens digit of g?
5
Let o(t) = 13*t**2 + 3*t - 4. Let j be o(3). Let k = j - 103. Suppose -g + 227 = -k. What is the hundreds digit of g?
2
Let j(f) 